{"id":238,"date":"2015-10-15T15:32:40","date_gmt":"2015-10-15T13:32:40","guid":{"rendered":"http:\/\/wpoffice\/construction\/?page_id=23"},"modified":"2020-09-02T23:34:03","modified_gmt":"2020-09-02T21:34:03","slug":"contact","status":"publish","type":"page","link":"https:\/\/lesconstructionsmetalliques.com\/index.php\/contact\/","title":{"rendered":"Nous Contacter"},"content":{"rendered":"\n<style type=\"text\/css\" data-created_by=\"avia_inline_auto\" id=\"style-css-av-2n6jw6-7cc10d04062db41047ee22d836b7d04e\">\n.flex_column.av-2n6jw6-7cc10d04062db41047ee22d836b7d04e{\nborder-radius:0px 0px 0px 0px;\npadding:0px 0px 0px 0px;\n}\n<\/style>\n<div  class='flex_column av-2n6jw6-7cc10d04062db41047ee22d836b7d04e av_two_third  avia-builder-el-0  el_before_av_one_third  avia-builder-el-first  first flex_column_div av-animated-generic bottom-to-top av-zero-column-padding  '     ><p>\n<style type=\"text\/css\" data-created_by=\"avia_inline_auto\" id=\"style-css-av-av_heading-560cad13d4c73f8cba599d3d21d29cb5\">\n#top .av-special-heading.av-av_heading-560cad13d4c73f8cba599d3d21d29cb5{\npadding-bottom:0;\n}\nbody .av-special-heading.av-av_heading-560cad13d4c73f8cba599d3d21d29cb5 .av-special-heading-tag .heading-char{\nfont-size:25px;\n}\n.av-special-heading.av-av_heading-560cad13d4c73f8cba599d3d21d29cb5 .av-subheading{\nfont-size:15px;\n}\n<\/style>\n<div  class='av-special-heading av-av_heading-560cad13d4c73f8cba599d3d21d29cb5 av-special-heading-h3 blockquote modern-quote  avia-builder-el-1  el_before_av_hr  avia-builder-el-first '><h3 class='av-special-heading-tag '  itemprop=\"headline\"  >Contactez Nous<\/h3><div class=\"special-heading-border\"><div class=\"special-heading-inner-border\"><\/div><\/div><\/div><br \/>\n\n<style type=\"text\/css\" data-created_by=\"avia_inline_auto\" id=\"style-css-av-28xb1i-a18e9d0e37e8d3b8a390df9a9370a825\">\n#top .hr.av-28xb1i-a18e9d0e37e8d3b8a390df9a9370a825{\nmargin-top:10px;\nmargin-bottom:10px;\n}\n.hr.av-28xb1i-a18e9d0e37e8d3b8a390df9a9370a825 .hr-inner{\nwidth:50px;\nborder-color:#a81010;\n}\n<\/style>\n<div  class='hr av-28xb1i-a18e9d0e37e8d3b8a390df9a9370a825 hr-custom  avia-builder-el-2  el_after_av_heading  el_before_av_contact  hr-left hr-icon-no'><span class='hr-inner inner-border-av-border-fat'><span class=\"hr-inner-style\"><\/span><\/span><\/div><br \/>\n<form action=\"https:\/\/lesconstructionsmetalliques.com\/index.php\/contact\/\" method=\"post\" data-fields-with-error=\"Erreurs trouv\u00e9es dans les champs suivants :\" class=\"avia_ajax_form av-form-labels-visible   avia-builder-el-3  el_after_av_hr  avia-builder-el-last   \" data-avia-form-id=\"1\" data-avia-redirect='' ><fieldset><p class='  first_form  form_element form_element_half' id='element_avia_1_1'><label for=\"avia_1_1\">Nom Pr\u00e9nom <abbr class=\"required\" title=\"requis(e)\">*<\/abbr><\/label> <input name=\"avia_1_1\" class=\"text_input is_empty\" type=\"text\" id=\"avia_1_1\" value=\"\" \/><\/p><p class='  form_element form_element_half' id='element_avia_2_1'><label for=\"avia_2_1\">Soci\u00e9t\u00e9<\/label> <input name=\"avia_2_1\" class=\"text_input \" type=\"text\" id=\"avia_2_1\" value=\"\" \/><\/p><p class='  first_form  form_element form_fullwidth' id='element_avia_3_1'><label for=\"avia_3_1\">Objet<\/label> <input name=\"avia_3_1\" class=\"text_input \" type=\"text\" id=\"avia_3_1\" value=\"\" \/><\/p><p class='  first_form  form_element form_element_half' id='element_avia_4_1'><label for=\"avia_4_1\">E-Mail <abbr class=\"required\" title=\"requis(e)\">*<\/abbr><\/label> <input name=\"avia_4_1\" class=\"text_input is_ext_email\" type=\"text\" id=\"avia_4_1\" value=\"\" \/><\/p><p class='  form_element form_element_half' id='element_avia_5_1'><label for=\"avia_5_1\">T\u00e9l\u00e9phone<\/label> <input name=\"avia_5_1\" class=\"text_input \" type=\"text\" id=\"avia_5_1\" value=\"\" \/><\/p><p class='  first_form  form_element form_fullwidth' id='element_avia_6_1'><label for=\"avia_6_1\" class=\"textare_label hidden textare_label_avia_6_1\">Message <abbr class=\"required\" title=\"requis(e)\">*<\/abbr><\/label><textarea  name=\"avia_6_1\" class=\"text_area is_empty\" cols=\"40\" rows=\"7\" id=\"avia_6_1\" ><\/textarea><\/p><p class=\"hidden\"><input type=\"text\" name=\"avia_7_1\" class=\"hidden \" id=\"avia_7_1\" value=\"\" \/><\/p><div id='avia_8_1' class='av-recaptcha-area  first_form  form_element form_fullwidth '  data-container_class=\"\" data-custom_class=\"\" data-context=\"av_contact_form\" data-token_input=\"av_recaptcha_token\" data-version=\"avia_recaptcha_v2\" data-theme=\"dark\" data-size=\"compact\" data-score=\"0.5\" data-text_to_preview=\"\" data-value=\"\"><div class=\"av-google-badge-message hidden\">Ce site est prot\u00e9g\u00e9 par reCAPTCHA et la <a href=\"https:\/\/policies.google.com\/privacy\">politique de confidentialit\u00e9<\/a> de Google et <a href=\"https:\/\/policies.google.com\/terms\">leur conditions d\u2019utilisation<\/a> s\u2019appliquent.<\/div><\/div><p class=\"form_element \"><input type=\"hidden\" value=\"1\" name=\"avia_generated_form1\" \/><input type=\"submit\" value=\"Envoyer\" class=\"button\"  data-sending-label=\"Envoi\"\/><\/p><\/fieldset><div class=\"avia-disabled-form\">Ce formulaire est d\u00e9sactiv\u00e9 dans la mesure o\u00f9 vous refusez d\u2019accepter le service Google reCAPTCHA n\u00e9cessaire pour valider toute exp\u00e9dition de message depuis celui-ci.<\/div><\/form><div id=\"ajaxresponse_1\" class=\"ajaxresponse ajaxresponse_1 hidden\"><\/div><\/p><\/div>\n<style type=\"text\/css\" data-created_by=\"avia_inline_auto\" id=\"style-css-av-10jvbq-7b12fbde781b2aee529303fafe0aa95f\">\n.flex_column.av-10jvbq-7b12fbde781b2aee529303fafe0aa95f{\nborder-radius:0px 0px 0px 0px;\npadding:0px 0px 0px 0px;\n}\n<\/style>\n<div  class='flex_column av-10jvbq-7b12fbde781b2aee529303fafe0aa95f av_one_third  avia-builder-el-4  el_after_av_two_third  el_before_av_textblock  flex_column_div av-animated-generic bottom-to-top av-zero-column-padding  '     ><p>\n<style type=\"text\/css\" data-created_by=\"avia_inline_auto\" id=\"style-css-av-k61gdzc8-f980f7ef9ca216d914610419b1d68dac\">\n#top .av-special-heading.av-k61gdzc8-f980f7ef9ca216d914610419b1d68dac{\npadding-bottom:0;\n}\nbody .av-special-heading.av-k61gdzc8-f980f7ef9ca216d914610419b1d68dac .av-special-heading-tag .heading-char{\nfont-size:25px;\n}\n.av-special-heading.av-k61gdzc8-f980f7ef9ca216d914610419b1d68dac .av-subheading{\nfont-size:15px;\n}\n<\/style>\n<div  class='av-special-heading av-k61gdzc8-f980f7ef9ca216d914610419b1d68dac av-special-heading-h3 blockquote modern-quote  avia-builder-el-5  el_before_av_hr  avia-builder-el-first '><h3 class='av-special-heading-tag '  itemprop=\"headline\"  >Bureaux <span class='special_amp'>&amp;<\/span> Entrep\u00f4t :<\/h3><div class=\"special-heading-border\"><div class=\"special-heading-inner-border\"><\/div><\/div><\/div><br \/>\n\n<style type=\"text\/css\" data-created_by=\"avia_inline_auto\" id=\"style-css-av-sfery-057b700de8f132cc59802b1039e263a4\">\n#top .hr.av-sfery-057b700de8f132cc59802b1039e263a4{\nmargin-top:10px;\nmargin-bottom:10px;\n}\n.hr.av-sfery-057b700de8f132cc59802b1039e263a4 .hr-inner{\nwidth:50px;\nborder-color:#a81010;\n}\n<\/style>\n<div  class='hr av-sfery-057b700de8f132cc59802b1039e263a4 hr-custom  avia-builder-el-6  el_after_av_heading  el_before_av_textblock  hr-left hr-icon-no'><span class='hr-inner inner-border-av-border-fat'><span class=\"hr-inner-style\"><\/span><\/span><\/div><br \/>\n<section  class='av_textblock_section av-mmy5a-3ec17bbf2c7294b8a5fac5aa6df8e53e '   itemscope=\"itemscope\" itemtype=\"https:\/\/schema.org\/CreativeWork\" ><div class='avia_textblock'  itemprop=\"text\" ><p><img loading=\"lazy\" decoding=\"async\" class=\"alignnone size-medium wp-image-307\" src=\"http:\/\/lesconstructionsmetalliques.com\/wp-content\/uploads\/2020\/01\/dbpf-coignieres-300x123.jpg\" alt=\"\" width=\"300\" height=\"123\" srcset=\"https:\/\/lesconstructionsmetalliques.com\/wp-content\/uploads\/2020\/01\/dbpf-coignieres-300x123.jpg 300w, https:\/\/lesconstructionsmetalliques.com\/wp-content\/uploads\/2020\/01\/dbpf-coignieres-1024x419.jpg 1024w, https:\/\/lesconstructionsmetalliques.com\/wp-content\/uploads\/2020\/01\/dbpf-coignieres-768x314.jpg 768w, https:\/\/lesconstructionsmetalliques.com\/wp-content\/uploads\/2020\/01\/dbpf-coignieres-1536x629.jpg 1536w, https:\/\/lesconstructionsmetalliques.com\/wp-content\/uploads\/2020\/01\/dbpf-coignieres-1500x614.jpg 1500w, https:\/\/lesconstructionsmetalliques.com\/wp-content\/uploads\/2020\/01\/dbpf-coignieres-705x289.jpg 705w, https:\/\/lesconstructionsmetalliques.com\/wp-content\/uploads\/2020\/01\/dbpf-coignieres.jpg 2016w\" sizes=\"auto, (max-width: 300px) 100vw, 300px\" \/><\/p>\n<p>12\/14 rue Augustin Fresnel<br \/>\nLot n\u00b001<br \/>\n78310 Coigni\u00e8res<\/p>\n<\/div><\/section><br \/>\n\n<style type=\"text\/css\" data-created_by=\"avia_inline_auto\" id=\"style-css-av-f824e-0f431a0231bee532a9e8315de6da9e16\">\n#top .hr.av-f824e-0f431a0231bee532a9e8315de6da9e16{\nmargin-top:10px;\nmargin-bottom:10px;\n}\n.hr.av-f824e-0f431a0231bee532a9e8315de6da9e16 .hr-inner{\nwidth:50px;\nborder-color:#a81010;\n}\n<\/style>\n<div  class='hr av-f824e-0f431a0231bee532a9e8315de6da9e16 hr-custom  avia-builder-el-8  el_after_av_textblock  el_before_av_textblock  hr-left hr-icon-no'><span class='hr-inner inner-border-av-border-fat'><span class=\"hr-inner-style\"><\/span><\/span><\/div><br \/>\n<section  class='av_textblock_section av-860ae-690d9a56d9264149e3ae66fc894b2825 '   itemscope=\"itemscope\" itemtype=\"https:\/\/schema.org\/CreativeWork\" ><div class='avia_textblock'  itemprop=\"text\" ><p><strong>Contact :<\/strong><br \/>\ncontact@lcm92.com<br \/>\n01 83 64 73 43<\/p>\n<p><strong>Heures D&rsquo;ouverture :<\/strong><br \/>\nDu Lundi au Vendredi -9:00-17:00<\/p>\n<p><strong>Si\u00e8ge Social :<\/strong><br \/>\n29 Boulevard de la R\u00e9publique<br \/>\n92100 Boulogne Billancourt<\/p>\n<\/div><\/section><\/p><\/div><\/p>\n<section  class='av_textblock_section av-k61cscv7-45f744434dcb01cf4d7f5e21c1d45671 '   itemscope=\"itemscope\" itemtype=\"https:\/\/schema.org\/CreativeWork\" ><div class='avia_textblock'  itemprop=\"text\" ><p>Cliquer ici pour envoyer<\/p>\n<\/div><\/section>\n","protected":false},"excerpt":{"rendered":"","protected":false},"author":1,"featured_media":0,"parent":0,"menu_order":4,"comment_status":"closed","ping_status":"closed","template":"","meta":{"footnotes":""},"class_list":["post-238","page","type-page","status-publish","hentry"],"yoast_head":"<!-- This site is optimized with the Yoast SEO plugin v26.9 - https:\/\/yoast.com\/product\/yoast-seo-wordpress\/ -->\n<title>Nous Contacter - Les Constructions M\u00e9talliques<\/title>\n<meta name=\"robots\" content=\"index, follow, max-snippet:-1, max-image-preview:large, max-video-preview:-1\" \/>\n<link rel=\"canonical\" href=\"https:\/\/lesconstructionsmetalliques.com\/index.php\/contact\/\" \/>\n<meta property=\"og:locale\" content=\"fr_FR\" \/>\n<meta property=\"og:type\" content=\"article\" \/>\n<meta property=\"og:title\" content=\"Nous Contacter - Les Constructions M\u00e9talliques\" \/>\n<meta property=\"og:url\" content=\"https:\/\/lesconstructionsmetalliques.com\/index.php\/contact\/\" \/>\n<meta property=\"og:site_name\" content=\"Les Constructions M\u00e9talliques\" \/>\n<meta property=\"article:publisher\" content=\"https:\/\/www.facebook.com\/lesconstructionsmetalliques\" \/>\n<meta property=\"article:modified_time\" content=\"2020-09-02T21:34:03+00:00\" \/>\n<meta property=\"og:image\" content=\"http:\/\/lesconstructionsmetalliques.com\/wp-content\/uploads\/2020\/01\/dbpf-coignieres-300x123.jpg\" \/>\n<meta name=\"twitter:card\" content=\"summary_large_image\" \/>\n<meta name=\"twitter:label1\" content=\"Dur\u00e9e de lecture estim\u00e9e\" \/>\n\t<meta name=\"twitter:data1\" content=\"5 minutes\" \/>\n<script type=\"application\/ld+json\" class=\"yoast-schema-graph\">{\"@context\":\"https:\/\/schema.org\",\"@graph\":[{\"@type\":\"WebPage\",\"@id\":\"https:\/\/lesconstructionsmetalliques.com\/index.php\/contact\/\",\"url\":\"https:\/\/lesconstructionsmetalliques.com\/index.php\/contact\/\",\"name\":\"Nous Contacter - Les Constructions M\u00e9talliques\",\"isPartOf\":{\"@id\":\"https:\/\/lesconstructionsmetalliques.com\/#website\"},\"primaryImageOfPage\":{\"@id\":\"https:\/\/lesconstructionsmetalliques.com\/index.php\/contact\/#primaryimage\"},\"image\":{\"@id\":\"https:\/\/lesconstructionsmetalliques.com\/index.php\/contact\/#primaryimage\"},\"thumbnailUrl\":\"http:\/\/lesconstructionsmetalliques.com\/wp-content\/uploads\/2020\/01\/dbpf-coignieres-300x123.jpg\",\"datePublished\":\"2015-10-15T13:32:40+00:00\",\"dateModified\":\"2020-09-02T21:34:03+00:00\",\"breadcrumb\":{\"@id\":\"https:\/\/lesconstructionsmetalliques.com\/index.php\/contact\/#breadcrumb\"},\"inLanguage\":\"fr-FR\",\"potentialAction\":[{\"@type\":\"ReadAction\",\"target\":[\"https:\/\/lesconstructionsmetalliques.com\/index.php\/contact\/\"]}]},{\"@type\":\"ImageObject\",\"inLanguage\":\"fr-FR\",\"@id\":\"https:\/\/lesconstructionsmetalliques.com\/index.php\/contact\/#primaryimage\",\"url\":\"http:\/\/lesconstructionsmetalliques.com\/wp-content\/uploads\/2020\/01\/dbpf-coignieres-300x123.jpg\",\"contentUrl\":\"http:\/\/lesconstructionsmetalliques.com\/wp-content\/uploads\/2020\/01\/dbpf-coignieres-300x123.jpg\"},{\"@type\":\"BreadcrumbList\",\"@id\":\"https:\/\/lesconstructionsmetalliques.com\/index.php\/contact\/#breadcrumb\",\"itemListElement\":[{\"@type\":\"ListItem\",\"position\":1,\"name\":\"Accueil\",\"item\":\"https:\/\/lesconstructionsmetalliques.com\/\"},{\"@type\":\"ListItem\",\"position\":2,\"name\":\"Nous Contacter\"}]},{\"@type\":\"WebSite\",\"@id\":\"https:\/\/lesconstructionsmetalliques.com\/#website\",\"url\":\"https:\/\/lesconstructionsmetalliques.com\/\",\"name\":\"Les Constructions M\u00e9talliques\",\"description\":\"La construction un domaine qui nous connait bien !\",\"publisher\":{\"@id\":\"https:\/\/lesconstructionsmetalliques.com\/#organization\"},\"potentialAction\":[{\"@type\":\"SearchAction\",\"target\":{\"@type\":\"EntryPoint\",\"urlTemplate\":\"https:\/\/lesconstructionsmetalliques.com\/?s={search_term_string}\"},\"query-input\":{\"@type\":\"PropertyValueSpecification\",\"valueRequired\":true,\"valueName\":\"search_term_string\"}}],\"inLanguage\":\"fr-FR\"},{\"@type\":\"Organization\",\"@id\":\"https:\/\/lesconstructionsmetalliques.com\/#organization\",\"name\":\"Les Constructions M\u00e9talliques\",\"url\":\"https:\/\/lesconstructionsmetalliques.com\/\",\"logo\":{\"@type\":\"ImageObject\",\"inLanguage\":\"fr-FR\",\"@id\":\"https:\/\/lesconstructionsmetalliques.com\/#\/schema\/logo\/image\/\",\"url\":\"https:\/\/lesconstructionsmetalliques.com\/wp-content\/uploads\/2020\/01\/Logo-LCM-les-constructions-metalliquees-HOME.png\",\"contentUrl\":\"https:\/\/lesconstructionsmetalliques.com\/wp-content\/uploads\/2020\/01\/Logo-LCM-les-constructions-metalliquees-HOME.png\",\"width\":298,\"height\":156,\"caption\":\"Les Constructions M\u00e9talliques\"},\"image\":{\"@id\":\"https:\/\/lesconstructionsmetalliques.com\/#\/schema\/logo\/image\/\"},\"sameAs\":[\"https:\/\/www.facebook.com\/lesconstructionsmetalliques\"]}]}<\/script>\n<!-- \/ Yoast SEO plugin. -->","yoast_head_json":{"title":"Nous Contacter - Les Constructions M\u00e9talliques","robots":{"index":"index","follow":"follow","max-snippet":"max-snippet:-1","max-image-preview":"max-image-preview:large","max-video-preview":"max-video-preview:-1"},"canonical":"https:\/\/lesconstructionsmetalliques.com\/index.php\/contact\/","og_locale":"fr_FR","og_type":"article","og_title":"Nous Contacter - Les Constructions M\u00e9talliques","og_url":"https:\/\/lesconstructionsmetalliques.com\/index.php\/contact\/","og_site_name":"Les Constructions M\u00e9talliques","article_publisher":"https:\/\/www.facebook.com\/lesconstructionsmetalliques","article_modified_time":"2020-09-02T21:34:03+00:00","og_image":[{"url":"http:\/\/lesconstructionsmetalliques.com\/wp-content\/uploads\/2020\/01\/dbpf-coignieres-300x123.jpg","type":"","width":"","height":""}],"twitter_card":"summary_large_image","twitter_misc":{"Dur\u00e9e de lecture estim\u00e9e":"5 minutes"},"schema":{"@context":"https:\/\/schema.org","@graph":[{"@type":"WebPage","@id":"https:\/\/lesconstructionsmetalliques.com\/index.php\/contact\/","url":"https:\/\/lesconstructionsmetalliques.com\/index.php\/contact\/","name":"Nous Contacter - Les Constructions M\u00e9talliques","isPartOf":{"@id":"https:\/\/lesconstructionsmetalliques.com\/#website"},"primaryImageOfPage":{"@id":"https:\/\/lesconstructionsmetalliques.com\/index.php\/contact\/#primaryimage"},"image":{"@id":"https:\/\/lesconstructionsmetalliques.com\/index.php\/contact\/#primaryimage"},"thumbnailUrl":"http:\/\/lesconstructionsmetalliques.com\/wp-content\/uploads\/2020\/01\/dbpf-coignieres-300x123.jpg","datePublished":"2015-10-15T13:32:40+00:00","dateModified":"2020-09-02T21:34:03+00:00","breadcrumb":{"@id":"https:\/\/lesconstructionsmetalliques.com\/index.php\/contact\/#breadcrumb"},"inLanguage":"fr-FR","potentialAction":[{"@type":"ReadAction","target":["https:\/\/lesconstructionsmetalliques.com\/index.php\/contact\/"]}]},{"@type":"ImageObject","inLanguage":"fr-FR","@id":"https:\/\/lesconstructionsmetalliques.com\/index.php\/contact\/#primaryimage","url":"http:\/\/lesconstructionsmetalliques.com\/wp-content\/uploads\/2020\/01\/dbpf-coignieres-300x123.jpg","contentUrl":"http:\/\/lesconstructionsmetalliques.com\/wp-content\/uploads\/2020\/01\/dbpf-coignieres-300x123.jpg"},{"@type":"BreadcrumbList","@id":"https:\/\/lesconstructionsmetalliques.com\/index.php\/contact\/#breadcrumb","itemListElement":[{"@type":"ListItem","position":1,"name":"Accueil","item":"https:\/\/lesconstructionsmetalliques.com\/"},{"@type":"ListItem","position":2,"name":"Nous Contacter"}]},{"@type":"WebSite","@id":"https:\/\/lesconstructionsmetalliques.com\/#website","url":"https:\/\/lesconstructionsmetalliques.com\/","name":"Les Constructions M\u00e9talliques","description":"La construction un domaine qui nous connait bien !","publisher":{"@id":"https:\/\/lesconstructionsmetalliques.com\/#organization"},"potentialAction":[{"@type":"SearchAction","target":{"@type":"EntryPoint","urlTemplate":"https:\/\/lesconstructionsmetalliques.com\/?s={search_term_string}"},"query-input":{"@type":"PropertyValueSpecification","valueRequired":true,"valueName":"search_term_string"}}],"inLanguage":"fr-FR"},{"@type":"Organization","@id":"https:\/\/lesconstructionsmetalliques.com\/#organization","name":"Les Constructions M\u00e9talliques","url":"https:\/\/lesconstructionsmetalliques.com\/","logo":{"@type":"ImageObject","inLanguage":"fr-FR","@id":"https:\/\/lesconstructionsmetalliques.com\/#\/schema\/logo\/image\/","url":"https:\/\/lesconstructionsmetalliques.com\/wp-content\/uploads\/2020\/01\/Logo-LCM-les-constructions-metalliquees-HOME.png","contentUrl":"https:\/\/lesconstructionsmetalliques.com\/wp-content\/uploads\/2020\/01\/Logo-LCM-les-constructions-metalliquees-HOME.png","width":298,"height":156,"caption":"Les Constructions M\u00e9talliques"},"image":{"@id":"https:\/\/lesconstructionsmetalliques.com\/#\/schema\/logo\/image\/"},"sameAs":["https:\/\/www.facebook.com\/lesconstructionsmetalliques"]}]}},"_links":{"self":[{"href":"https:\/\/lesconstructionsmetalliques.com\/index.php\/wp-json\/wp\/v2\/pages\/238","targetHints":{"allow":["GET"]}}],"collection":[{"href":"https:\/\/lesconstructionsmetalliques.com\/index.php\/wp-json\/wp\/v2\/pages"}],"about":[{"href":"https:\/\/lesconstructionsmetalliques.com\/index.php\/wp-json\/wp\/v2\/types\/page"}],"author":[{"embeddable":true,"href":"https:\/\/lesconstructionsmetalliques.com\/index.php\/wp-json\/wp\/v2\/users\/1"}],"replies":[{"embeddable":true,"href":"https:\/\/lesconstructionsmetalliques.com\/index.php\/wp-json\/wp\/v2\/comments?post=238"}],"version-history":[{"count":21,"href":"https:\/\/lesconstructionsmetalliques.com\/index.php\/wp-json\/wp\/v2\/pages\/238\/revisions"}],"predecessor-version":[{"id":670,"href":"https:\/\/lesconstructionsmetalliques.com\/index.php\/wp-json\/wp\/v2\/pages\/238\/revisions\/670"}],"wp:attachment":[{"href":"https:\/\/lesconstructionsmetalliques.com\/index.php\/wp-json\/wp\/v2\/media?parent=238"}],"curies":[{"name":"wp","href":"https:\/\/api.w.org\/{rel}","templated":true}]}}